*t = -21*t - 56. Suppose -3*k + 11*q - t*q + 556 = 0, 5*k - 896 = -q. Calculate the highest common divisor of k and 20.
20
Suppose -54*h - 57*h = -72*h - 1170. What is the highest common factor of 4755 and h?
15
Let b(l) = 21*l + 31*l + l**2 + 16*l + 478 - 118 - 16*l. Let m be b(-46). Suppose -17 = 4*k - 101. What is the greatest common factor of k and m?
21
Let h(j) = j. Let x be h(-4). Let t(r) = r**2 - r - 15. Let c be t(x). Suppose c*y - 2*y = 39. Calculate the highest common divisor of y and 13.
13
Suppose 166*w - 630 = 167*w. Let d be w/75*5/(-2). Calculate the highest common factor of d and 81.
3
Let w(n) = -2*n**3 + 71*n**2 + 272*n + 50. Let a be w(39). Calculate the highest common divisor of a and 3047.
11
Let w(g) = -17*g**3 + 3*g**2 + 6*g + 112. Let a be w(-7). What is the greatest common factor of a and 112?
112
Let f(n) = 2*n + 23. Let x be f(-9). Suppose -k + 100 = x*s, -2*k + 18 - 98 = -4*s. Suppose -15 = b - 2*b. What is the highest common divisor of s and b?
5
Let s be (4 + (3 - 6))/((-22)/66). Let z(n) = 2*n - 5*n - 3*n - 4 - 3*n. Let d be z(s). What is the greatest common factor of 23 and d?
23
Let a = 997 + -988. Calculate the greatest common factor of a and 6.
3
Let z be 5*276/10*4/8. Let j be 1*((-251)/(-11) - (-34)/187). What is the greatest common factor of j and z?
23
Let k(q) = 29*q**3 - q**2 - 2*q + 5. Let i be k(2). Let j = i + 1196. What is the greatest common factor of j and 57?
57
Let l be ((-80)/6)/(1/(-6)). Let w(r) = 20*r + 500. Let z be w(-15). What is the greatest common factor of z and l?
40
Let q = 286 - 283. Suppose -2*m + 826 = 3*y + q*m, -5*m = -3*y + 806. Suppose -5*o = -o - 136. Calculate the highest common divisor of o and y.
34
Suppose 4*b + 3*n = 497, -5*b + 148 + 459 = -n. Suppose 138 = 3*v + 3*p, -9*p = -3*v - 8*p + b. Calculate the greatest common divisor of 1008 and v.
42
Let p be (6913/62)/((-4)/(-8)). Calculate the greatest common divisor of 1784 and p.
223
Suppose -805 = 2400*f - 2407*f. Calculate the highest common divisor of 184 and f.
23
Let n = -13237 + 38181. What is the greatest common divisor of 16 and n?
16
Suppose 12 + 66 = x + 3*n, 2*x - 168 = -3*n. Suppose -4*f + 4*r = -1448, 3*f = -5*r + 988 + x. What is the highest common divisor of 19 and f?
19
Suppose 824 = -10*d + 3424. Let w be d + 12/6 + -3*2. Calculate the greatest common factor of 96 and w.
32
Let z be 40/15*(-420)/(-112). Suppose -k + 409 = -561. Calculate the greatest common divisor of k and z.
10
Suppose -i - 3*i = -296. Let h(k) = 1093*k + 3427. Let w be h(-3). What is the greatest common factor of w and i?
74
Let b = 20 + -14. Suppose -3041 - 271 = -b*z. What is the greatest common factor of 24 and z?
24
Let z be 153/11 - 6/(-66). Suppose -2*u + 3*o = -238, -2*u = -z*o + 13*o - 246. Calculate the greatest common factor of 5 and u.
5
Let g(w) = 3*w + 5. Let m be g(1). Suppose -t + 5*k + 33 = -m, 4*k - 32 = -t. Let c = t + -34. What is the greatest common factor of c and 5?
1
Let m = 577 + -389. Suppose 2*f - m = -34. Let a be 116/4 + 4 + 0/((-120)/12). What is the highest common factor of f and a?
11
Let l(s) = -6*s**2 + 344*s - 2442. Let r be l(49). Let h be (44/5)/(1/5). Calculate the highest common factor of h and r.
4
Suppose 0 = 3*i + 2*l - 127070, 397*i + l - 127063 = 394*i. Calculate the greatest common factor of 16 and i.
16
Let c = -10149 - -25179. What is the highest common factor of 90 and c?
90
Suppose 40 = 3*y + 4. Let s = 1683 - 1581. Calculate the greatest common divisor of y and s.
6
Let k(o) = 2*o**3 - 8*o**2 + 7*o - 13. Let x be k(3). Let l(f) = f**3 + 11*f**2 - f + 7. Let y be l(x). Calculate the greatest common divisor of y and 78.
39
Suppose 0*n - 4*n = 5*k - 5, -n - 4*k - 7 = 0. Suppose 11*u = n*u + 168. Calculate the greatest common factor of 126 and u.
14
Let r(g) = 13*g + 54. Let l be r(-6). Let v be (l/28)/(2/(-28)). What is the highest common divisor of 96 and v?
12
Suppose 9*s - 3*p = 4215, 4*s - 2*p - 1736 = 134. Calculate the greatest common divisor of s and 1.
1
Let j = 1297 - 569. Let n = 1023 - j. What is the greatest common factor of n and 59?
59
Let p = 11714 + -1634. Calculate the highest common divisor of p and 448.
224
Suppose 4*w + 100 = 156. Let k be 6/21 + (-592)/w. Let y = k + 84. What is the greatest common factor of y and 12?
6
Let h be (-2)/23 - (1022/(-805))/((-14)/(-2030)). Suppose 0*k = -k + 24. Let w be k + 1/((-1)/1). Calculate the highest common divisor of w and h.
23
Let q(d) = -d**2 + 125*d + 114. Let o be q(47). What is the greatest common divisor of o and 45?
45
Suppose -j = 2*i, 2*j = -i + 1 - 4. Suppose z + 3*k - i - 29 = 0, k = 4*z - 120. Calculate the highest common factor of z and 900.
30
Let n = -214 + 118. Let c be (-2328)/n + (-1)/4. Suppose 0 = -2*s - o - 8 + 17, -5*s - 2*o + c = 0. What is the highest common factor of 18 and s?
6
Suppose -12*x = -10*x - 28. Suppose 3*m - 4*h = 76, 88 = 5*m - 4*h - 44. Calculate the greatest common divisor of x and m.
14
Let u be 12/(-150)*10*-200. Let r = -29 + 44. Let t be 288/r*30/9. Calculate the highest common factor of u and t.
32
Let y(h) = -h**2 + 5*h + 22. Let f be y(7). Suppose -r = 3*a - 0*r - 24, -2*a - 2*r + 16 = 0. What is the greatest common factor of a and f?
8
Suppose x - 3*j = -2*x, -2*x + 3*j = 0. Suppose 11*d + 8*d - 76 = x. Calculate the greatest common factor of 18 and d.
2
Let f(d) = 2*d**2 - 27*d - 12. Suppose 7 = -5*l + 77. Let a be f(l). What is the highest common divisor of a and 1?
1
Let w be ((-588)/(-112))/(3/8). Suppose d - 5*t - 33 = 0, -4*d = 16*t - w*t - 154. Calculate the greatest common divisor of 133 and d.
19
Let l(m) = 9*m**3 - m - 1. Let j be l(1). Let y = j + 10. Calculate the greatest common factor of 68 and y.
17
Suppose -5*w - 3*t + 711 = 0, 0 = -2*w - 4*t + 152 + 124. Calculate the greatest common divisor of w and 304.
16
Let l(o) = o**2 - 22*o - 26. Let z be l(26). Let f be 3*(-4144)/(-120) + (-8)/(-20). What is the highest common factor of f and z?
26
Let f be (885/9)/5*3. Suppose 2*g + 0*x - 89 = -x, -2*g + 5*x + f = 0. Calculate the highest common divisor of g and 28.
14
Let b(h) = -h**2 - 6*h - 6. Let m be b(-6). Let s be (2 - 688/(-20)) + m/15. What is the highest common factor of s and 54?
18
Let u(f) = 54*f**3 + 27*f**2 - 81*f - 6. Let t be u(3). Calculate the highest common divisor of 12 and t.
12
Let k be 647 + (-9)/(-6 + 9). Suppose -k + 455 = -3*b. Let g(o) = o**2. Let y be g(3). Calculate the highest common divisor of y and b.
9
Let q be ((-12)/(-2) - 5)/(2/(-4)). Let n be 22 - (10 - q)/2. Calculate the greatest common factor of n and 16.
16
Let w be (-240)/(-200)*410/6. Suppose -70*v - 60 = -w*v. Calculate the highest common factor of v and 185.
5
Suppose -5*h - 30 = -5*w, -2*h + 6*h = -5*w + 57. Calculate the greatest common divisor of w and 48.
3
Let l = 233 + 163. Calculate the greatest common factor of 2574 and l.
198
Let d(w) = w**3 + 4*w**2 + 6*w + 153. Let s be d(0). What is the highest common factor of s and 1581?
51
Suppose 930 = 5*j - 5*s, 4*j - s = 730 + 23. Let m be (10 - 5 - 0)/1. Suppose 3*p - m*p = -42. Calculate the greatest common factor of j and p.
21
Let h(p) = 36 - 877*p - 882*p + p**2 + 1766*p. Let z be h(-5). Calculate the greatest common factor of 14 and z.
2
Suppose -169 - 631 = -8*w. Suppose -5*n - 5*o + w = 0, 4*n = 3*n - 3*o + 24. What is the greatest common factor of 10 and n?
2
Suppose -w = 5*d + 18, 23*w = 19*w + 3*d + 43. What is the greatest common divisor of 19 and w?
1
Let y be (-504)/(-2) - 0/43. What is the greatest common divisor of y and 225?
9
Suppose -180 = 530*z - 550*z. Let l(r) = 15*r + 11 - 4*r**2 + 3*r**2 - 3*r. Let v be l(z). What is the greatest common factor of v and 342?
38
Let a = 266 - -79. Let m be 4/20 - (340/(-50) + -8). What is the highest common factor of m and a?
15
Let x(n) = 2*n**2 + 8*n + 15. Suppose -72 = 7*h - 51. Let j be x(h). Calculate the highest common divisor of j and 15.
3
Let o(m) = m**3 + 13*m**2 + 11*m + 6. Let u be o(-12). Let g = 40 - u. What is the highest common divisor of 88 and g?
22
Let u = -7 + 141. Suppose -u - 350 = -11*n. What is the highest common factor of 77 and n?
11
Suppose -3*p + 2 = 2*d, 35 - 23 = 5*p - d. Let v be (p/(-4))/(((-153)/2808)/17). What is the highest common 